{"id":28,"date":"2022-10-18T15:48:28","date_gmt":"2022-10-18T15:48:28","guid":{"rendered":"https:\/\/estancialagloria.zmoton.com\/?page_id=28"},"modified":"2024-12-06T17:58:51","modified_gmt":"2024-12-06T20:58:51","slug":"sobre-nosotros","status":"publish","type":"page","link":"https:\/\/estancialagloria.com\/index.php\/sobre-nosotros\/","title":{"rendered":"Sobre nosotros"},"content":{"rendered":"\t\t<div data-elementor-type=\"wp-page\" data-elementor-id=\"28\" class=\"elementor elementor-28\" data-elementor-post-type=\"page\">\n\t\t\t\t\t\t<section class=\"elementor-section elementor-top-section elementor-element elementor-element-476a8d4 elementor-section-full_width elementor-section-height-default elementor-section-height-default elementor-invisible\" data-id=\"476a8d4\" data-element_type=\"section\" data-e-type=\"section\" data-settings=\"{&quot;background_background&quot;:&quot;classic&quot;,&quot;animation&quot;:&quot;fadeIn&quot;}\">\n\t\t\t\t\t\t<div class=\"elementor-container elementor-column-gap-default\">\n\t\t\t\t\t<div class=\"elementor-column elementor-col-50 elementor-top-column elementor-element elementor-element-e1def7b\" data-id=\"e1def7b\" data-element_type=\"column\" data-e-type=\"column\" data-settings=\"{&quot;background_background&quot;:&quot;classic&quot;}\">\n\t\t\t<div class=\"elementor-widget-wrap elementor-element-populated\">\n\t\t\t\t\t\t<div class=\"elementor-element elementor-element-d08254e elementor-widget elementor-widget-heading\" data-id=\"d08254e\" data-element_type=\"widget\" data-e-type=\"widget\" data-widget_type=\"heading.default\">\n\t\t\t\t<div class=\"elementor-widget-container\">\n\t\t\t\t\t<h2 class=\"elementor-heading-title elementor-size-default\">ESTANCIA LA GLORIA<\/h2>\t\t\t\t<\/div>\n\t\t\t\t<\/div>\n\t\t\t\t<div class=\"elementor-element elementor-element-6d3d7eb elementor-widget elementor-widget-heading\" data-id=\"6d3d7eb\" data-element_type=\"widget\" data-e-type=\"widget\" data-widget_type=\"heading.default\">\n\t\t\t\t<div class=\"elementor-widget-container\">\n\t\t\t\t\t<h2 class=\"elementor-heading-title elementor-size-default\">TE INVITAMOS A CONOCER NUESTRA HISTORIA<\/h2>\t\t\t\t<\/div>\n\t\t\t\t<\/div>\n\t\t\t\t\t<\/div>\n\t\t<\/div>\n\t\t\t\t<div class=\"elementor-column elementor-col-50 elementor-top-column elementor-element elementor-element-fa6dec1\" data-id=\"fa6dec1\" data-element_type=\"column\" data-e-type=\"column\">\n\t\t\t<div class=\"elementor-widget-wrap elementor-element-populated\">\n\t\t\t\t\t\t<div class=\"elementor-element elementor-element-2e21a46 elementor-widget elementor-widget-image\" data-id=\"2e21a46\" data-element_type=\"widget\" data-e-type=\"widget\" data-widget_type=\"image.default\">\n\t\t\t\t<div class=\"elementor-widget-container\">\n\t\t\t\t\t\t\t\t\t\t\t\t\t\t\t<img fetchpriority=\"high\" decoding=\"async\" width=\"1280\" height=\"853\" src=\"https:\/\/estancialagloria.com\/wp-content\/uploads\/2022\/10\/WhatsApp-Image-2022-10-19-at-9.36.37-AM-2.jpeg\" class=\"attachment-full size-full wp-image-228\" alt=\"\" srcset=\"https:\/\/estancialagloria.com\/wp-content\/uploads\/2022\/10\/WhatsApp-Image-2022-10-19-at-9.36.37-AM-2.jpeg 1280w, https:\/\/estancialagloria.com\/wp-content\/uploads\/2022\/10\/WhatsApp-Image-2022-10-19-at-9.36.37-AM-2-300x200.jpeg 300w, https:\/\/estancialagloria.com\/wp-content\/uploads\/2022\/10\/WhatsApp-Image-2022-10-19-at-9.36.37-AM-2-1024x682.jpeg 1024w, https:\/\/estancialagloria.com\/wp-content\/uploads\/2022\/10\/WhatsApp-Image-2022-10-19-at-9.36.37-AM-2-768x512.jpeg 768w\" sizes=\"(max-width: 1280px) 100vw, 1280px\" \/>\t\t\t\t\t\t\t\t\t\t\t\t\t\t\t<\/div>\n\t\t\t\t<\/div>\n\t\t\t\t\t<\/div>\n\t\t<\/div>\n\t\t\t\t\t<\/div>\n\t\t<\/section>\n\t\t\t\t<section class=\"elementor-section elementor-top-section elementor-element elementor-element-45e26a5 elementor-section-boxed elementor-section-height-default elementor-section-height-default\" data-id=\"45e26a5\" data-element_type=\"section\" data-e-type=\"section\">\n\t\t\t\t\t\t<div class=\"elementor-container elementor-column-gap-default\">\n\t\t\t\t\t<div class=\"elementor-column elementor-col-50 elementor-top-column elementor-element elementor-element-d197684 elementor-invisible\" data-id=\"d197684\" data-element_type=\"column\" data-e-type=\"column\" data-settings=\"{&quot;animation&quot;:&quot;fadeInLeft&quot;,&quot;background_background&quot;:&quot;classic&quot;}\">\n\t\t\t<div class=\"elementor-widget-wrap elementor-element-populated\">\n\t\t\t\t\t\t<div class=\"elementor-element elementor-element-cd6b3f1 elementor-widget elementor-widget-image\" data-id=\"cd6b3f1\" data-element_type=\"widget\" data-e-type=\"widget\" data-widget_type=\"image.default\">\n\t\t\t\t<div class=\"elementor-widget-container\">\n\t\t\t\t\t\t\t\t\t\t\t\t\t\t\t<img decoding=\"async\" width=\"1280\" height=\"960\" src=\"https:\/\/estancialagloria.com\/wp-content\/uploads\/2022\/10\/WhatsApp-Image-2022-10-19-at-9.36.37-AM-3.jpeg\" class=\"attachment-full size-full wp-image-248\" alt=\"\" srcset=\"https:\/\/estancialagloria.com\/wp-content\/uploads\/2022\/10\/WhatsApp-Image-2022-10-19-at-9.36.37-AM-3.jpeg 1280w, https:\/\/estancialagloria.com\/wp-content\/uploads\/2022\/10\/WhatsApp-Image-2022-10-19-at-9.36.37-AM-3-300x225.jpeg 300w, https:\/\/estancialagloria.com\/wp-content\/uploads\/2022\/10\/WhatsApp-Image-2022-10-19-at-9.36.37-AM-3-1024x768.jpeg 1024w, https:\/\/estancialagloria.com\/wp-content\/uploads\/2022\/10\/WhatsApp-Image-2022-10-19-at-9.36.37-AM-3-768x576.jpeg 768w\" sizes=\"(max-width: 1280px) 100vw, 1280px\" \/>\t\t\t\t\t\t\t\t\t\t\t\t\t\t\t<\/div>\n\t\t\t\t<\/div>\n\t\t\t\t\t<\/div>\n\t\t<\/div>\n\t\t\t\t<div class=\"elementor-column elementor-col-50 elementor-top-column elementor-element elementor-element-7240da8 elementor-invisible\" data-id=\"7240da8\" data-element_type=\"column\" data-e-type=\"column\" data-settings=\"{&quot;animation&quot;:&quot;fadeInRight&quot;}\">\n\t\t\t<div class=\"elementor-widget-wrap elementor-element-populated\">\n\t\t\t\t\t\t<div class=\"elementor-element elementor-element-d2606b5 elementor-widget elementor-widget-heading\" data-id=\"d2606b5\" data-element_type=\"widget\" data-e-type=\"widget\" data-widget_type=\"heading.default\">\n\t\t\t\t<div class=\"elementor-widget-container\">\n\t\t\t\t\t<h2 class=\"elementor-heading-title elementor-size-default\">Nuestra historia<\/h2>\t\t\t\t<\/div>\n\t\t\t\t<\/div>\n\t\t\t\t<div class=\"elementor-element elementor-element-a09895b elementor-widget elementor-widget-text-editor\" data-id=\"a09895b\" data-element_type=\"widget\" data-e-type=\"widget\" data-widget_type=\"text-editor.default\">\n\t\t\t\t<div class=\"elementor-widget-container\">\n\t\t\t\t\t\t\t\t\t<p>La estancia La Gloria comenz\u00f3 sus actividades en el a\u00f1o de 1986. Dorval, recientemente completada la facultad de ingeniero agr\u00f3nomo, se instal\u00f3 en Uruguay a la edad de 22 a\u00f1os, junto a su padre Claudio Ribeiro. Quien segu\u00eda sus actividades en Brasil y ven\u00eda frecuentemente a la estancia en Uruguay.<\/p><p>Desde sus comienzos hasta el d\u00eda de hoy Agropecuaria Puerto Gomez (Estancia La Gloria) sigue con sus actividades en la ganader\u00eda y agricultura, en esta con un foco en la plantaci\u00f3n de arroz, con el fin de respetar la tradici\u00f3n en la familia que viene de d\u00e9cadas atr\u00e1s.<\/p><p>Se est\u00e1 empezando la introducci\u00f3n de la tercera generaci\u00f3n en la empresa, de la mano de Ana Luiza y Rodrigo.<\/p>\t\t\t\t\t\t\t\t<\/div>\n\t\t\t\t<\/div>\n\t\t\t\t\t<\/div>\n\t\t<\/div>\n\t\t\t\t\t<\/div>\n\t\t<\/section>\n\t\t\t\t<section class=\"elementor-section elementor-top-section elementor-element elementor-element-bdadaf5 elementor-reverse-mobile elementor-section-boxed elementor-section-height-default elementor-section-height-default\" data-id=\"bdadaf5\" data-element_type=\"section\" data-e-type=\"section\">\n\t\t\t\t\t\t<div class=\"elementor-container elementor-column-gap-default\">\n\t\t\t\t\t<div class=\"elementor-column elementor-col-50 elementor-top-column elementor-element elementor-element-1a064c3 elementor-invisible\" data-id=\"1a064c3\" data-element_type=\"column\" data-e-type=\"column\" data-settings=\"{&quot;animation&quot;:&quot;fadeInLeft&quot;}\">\n\t\t\t<div class=\"elementor-widget-wrap elementor-element-populated\">\n\t\t\t\t\t\t<div class=\"elementor-element elementor-element-6c39141 elementor-widget elementor-widget-heading\" data-id=\"6c39141\" data-element_type=\"widget\" data-e-type=\"widget\" data-widget_type=\"heading.default\">\n\t\t\t\t<div class=\"elementor-widget-container\">\n\t\t\t\t\t<h2 class=\"elementor-heading-title elementor-size-default\">Nuestra misi\u00f3n<\/h2>\t\t\t\t<\/div>\n\t\t\t\t<\/div>\n\t\t\t\t<div class=\"elementor-element elementor-element-b5381b8 elementor-widget elementor-widget-text-editor\" data-id=\"b5381b8\" data-element_type=\"widget\" data-e-type=\"widget\" data-widget_type=\"text-editor.default\">\n\t\t\t\t<div class=\"elementor-widget-container\">\n\t\t\t\t\t\t\t\t\t<p>Mantener el negocio familiar de generaci\u00f3n en generaci\u00f3n logrando conservar sus bases pero actualiz\u00e1ndose a los cambios que suceden en la industria ofreciendo as\u00ed productos de calidad.\u00a0<\/p>\t\t\t\t\t\t\t\t<\/div>\n\t\t\t\t<\/div>\n\t\t\t\t<div class=\"elementor-element elementor-element-f7f9742 elementor-widget elementor-widget-heading\" data-id=\"f7f9742\" data-element_type=\"widget\" data-e-type=\"widget\" data-widget_type=\"heading.default\">\n\t\t\t\t<div class=\"elementor-widget-container\">\n\t\t\t\t\t<h2 class=\"elementor-heading-title elementor-size-default\">Nuestra visi\u00f3n<\/h2>\t\t\t\t<\/div>\n\t\t\t\t<\/div>\n\t\t\t\t<div class=\"elementor-element elementor-element-3f92433 elementor-widget elementor-widget-text-editor\" data-id=\"3f92433\" data-element_type=\"widget\" data-e-type=\"widget\" data-widget_type=\"text-editor.default\">\n\t\t\t\t<div class=\"elementor-widget-container\">\n\t\t\t\t\t\t\t\t\t<p>Ser una empresa que pueda seguir con la tradici\u00f3n familiar en el negocio de la agricultura y ganader\u00eda. A su vez, buscar formar para preservar el medioambiente.<\/p>\t\t\t\t\t\t\t\t<\/div>\n\t\t\t\t<\/div>\n\t\t\t\t\t<\/div>\n\t\t<\/div>\n\t\t\t\t<div class=\"elementor-column elementor-col-50 elementor-top-column elementor-element elementor-element-79b4741 elementor-invisible\" data-id=\"79b4741\" data-element_type=\"column\" data-e-type=\"column\" data-settings=\"{&quot;animation&quot;:&quot;fadeInRight&quot;,&quot;background_background&quot;:&quot;classic&quot;}\">\n\t\t\t<div class=\"elementor-widget-wrap elementor-element-populated\">\n\t\t\t\t\t\t<div class=\"elementor-element elementor-element-7f36957 elementor-widget elementor-widget-image\" data-id=\"7f36957\" data-element_type=\"widget\" data-e-type=\"widget\" data-widget_type=\"image.default\">\n\t\t\t\t<div class=\"elementor-widget-container\">\n\t\t\t\t\t\t\t\t\t\t\t\t\t\t\t<img decoding=\"async\" width=\"1280\" height=\"853\" src=\"https:\/\/estancialagloria.com\/wp-content\/uploads\/2022\/10\/WhatsApp-Image-2022-10-19-at-9.36.36-AM.jpeg\" class=\"attachment-full size-full wp-image-249\" alt=\"\" srcset=\"https:\/\/estancialagloria.com\/wp-content\/uploads\/2022\/10\/WhatsApp-Image-2022-10-19-at-9.36.36-AM.jpeg 1280w, https:\/\/estancialagloria.com\/wp-content\/uploads\/2022\/10\/WhatsApp-Image-2022-10-19-at-9.36.36-AM-300x200.jpeg 300w, https:\/\/estancialagloria.com\/wp-content\/uploads\/2022\/10\/WhatsApp-Image-2022-10-19-at-9.36.36-AM-1024x682.jpeg 1024w, https:\/\/estancialagloria.com\/wp-content\/uploads\/2022\/10\/WhatsApp-Image-2022-10-19-at-9.36.36-AM-768x512.jpeg 768w\" sizes=\"(max-width: 1280px) 100vw, 1280px\" \/>\t\t\t\t\t\t\t\t\t\t\t\t\t\t\t<\/div>\n\t\t\t\t<\/div>\n\t\t\t\t\t<\/div>\n\t\t<\/div>\n\t\t\t\t\t<\/div>\n\t\t<\/section>\n\t\t\t\t<section class=\"elementor-section elementor-top-section elementor-element elementor-element-f4194f3 elementor-section-boxed elementor-section-height-default elementor-section-height-default\" data-id=\"f4194f3\" data-element_type=\"section\" data-e-type=\"section\" data-settings=\"{&quot;background_background&quot;:&quot;classic&quot;}\">\n\t\t\t\t\t\t<div class=\"elementor-container elementor-column-gap-default\">\n\t\t\t\t\t<div class=\"elementor-column elementor-col-100 elementor-top-column elementor-element elementor-element-20795eb\" data-id=\"20795eb\" data-element_type=\"column\" data-e-type=\"column\">\n\t\t\t<div class=\"elementor-widget-wrap elementor-element-populated\">\n\t\t\t\t\t\t<div class=\"elementor-element elementor-element-f7e160a elementor-widget elementor-widget-spacer\" data-id=\"f7e160a\" data-element_type=\"widget\" data-e-type=\"widget\" data-widget_type=\"spacer.default\">\n\t\t\t\t<div class=\"elementor-widget-container\">\n\t\t\t\t\t\t\t<div class=\"elementor-spacer\">\n\t\t\t<div class=\"elementor-spacer-inner\"><\/div>\n\t\t<\/div>\n\t\t\t\t\t\t<\/div>\n\t\t\t\t<\/div>\n\t\t\t\t\t<\/div>\n\t\t<\/div>\n\t\t\t\t\t<\/div>\n\t\t<\/section>\n\t\t\t\t<\/div>\n\t\t","protected":false},"excerpt":{"rendered":"<p>ESTANCIA LA GLORIA TE INVITAMOS A CONOCER NUESTRA HISTORIA Nuestra historia La estancia La Gloria comenz\u00f3 sus actividades en el a\u00f1o de 1986. Dorval, recientemente completada la facultad de ingeniero agr\u00f3nomo, se instal\u00f3 en Uruguay a la edad de 22 a\u00f1os, junto a su padre Claudio Ribeiro. Quien segu\u00eda sus actividades en Brasil y ven\u00eda [&hellip;]<\/p>\n","protected":false},"author":1,"featured_media":0,"parent":0,"menu_order":0,"comment_status":"closed","ping_status":"closed","template":"elementor_header_footer","meta":{"_monsterinsights_skip_tracking":false,"_monsterinsights_sitenote_active":false,"_monsterinsights_sitenote_note":"","_monsterinsights_sitenote_category":0,"footnotes":""},"class_list":["post-28","page","type-page","status-publish","hentry","entry"],"aioseo_notices":[],"_links":{"self":[{"href":"https:\/\/estancialagloria.com\/index.php\/wp-json\/wp\/v2\/pages\/28","targetHints":{"allow":["GET"]}}],"collection":[{"href":"https:\/\/estancialagloria.com\/index.php\/wp-json\/wp\/v2\/pages"}],"about":[{"href":"https:\/\/estancialagloria.com\/index.php\/wp-json\/wp\/v2\/types\/page"}],"author":[{"embeddable":true,"href":"https:\/\/estancialagloria.com\/index.php\/wp-json\/wp\/v2\/users\/1"}],"replies":[{"embeddable":true,"href":"https:\/\/estancialagloria.com\/index.php\/wp-json\/wp\/v2\/comments?post=28"}],"version-history":[{"count":64,"href":"https:\/\/estancialagloria.com\/index.php\/wp-json\/wp\/v2\/pages\/28\/revisions"}],"predecessor-version":[{"id":687,"href":"https:\/\/estancialagloria.com\/index.php\/wp-json\/wp\/v2\/pages\/28\/revisions\/687"}],"wp:attachment":[{"href":"https:\/\/estancialagloria.com\/index.php\/wp-json\/wp\/v2\/media?parent=28"}],"curies":[{"name":"wp","href":"https:\/\/api.w.org\/{rel}","templated":true}]}}